 805368?
5
What is the units digit of 5334888?
8
What is the hundred thousands digit of 1242160?
2
What is the hundred thousands digit of 5004193?
0
What is the units digit of 801519?
9
What is the ten thousands digit of 426439?
2
What is the hundreds digit of 182262?
2
What is the units digit of 4164389?
9
What is the units digit of 184660?
0
What is the hundreds digit of 23574210?
2
What is the thousands digit of 120116?
0
What is the hundreds digit of 5361751?
7
What is the hundreds digit of 116457?
4
What is the tens digit of 52724?
2
What is the hundred thousands digit of 957100?
9
What is the ten thousands digit of 146471?
4
What is the ten thousands digit of 41412069?
1
What is the hundred thousands digit of 177376?
1
What is the hundred thousands digit of 3175756?
1
What is the hundreds digit of 16935301?
3
What is the thousands digit of 20894227?
4
What is the tens digit of 49675?
7
What is the units digit of 435403?
3
What is the tens digit of 78435?
3
What is the units digit of 4374364?
4
What is the hundred thousands digit of 26136593?
1
What is the millions digit of 12978719?
2
What is the units digit of 144025?
5
What is the ten thousands digit of 636149?
3
What is the units digit of 581586?
6
What is the thousands digit of 504478?
4
What is the thousands digit of 176147?
6
What is the units digit of 99332?
2
What is the hundred thousands digit of 4402614?
4
What is the hundreds digit of 347300?
3
What is the hundred thousands digit of 248428?
2
What is the thousands digit of 1116019?
6
What is the units digit of 1141685?
5
What is the units digit of 521468?
8
What is the thousands digit of 377971?
7
What is the hundred thousands digit of 552720?
5
What is the hundred thousands digit of 3929993?
9
What is the hundreds digit of 3715216?
2
What is the tens digit of 28614641?
4
What is the hundreds digit of 2764314?
3
What is the ten thousands digit of 1365498?
6
What is the tens digit of 4347774?
7
What is the units digit of 132267?
7
What is the ten millions digit of 10034931?
1
What is the hundred thousands digit of 160702?
1
What is the hundreds digit of 276281?
2
What is the units digit of 10819948?
8
What is the units digit of 3060420?
0
What is the tens digit of 696109?
0
What is the ten thousands digit of 743693?
4
What is the thousands digit of 649404?
9
What is the hundreds digit of 24610886?
8
What is the hundred thousands digit of 7765112?
7
What is the units digit of 9161760?
0
What is the units digit of 104060?
0
What is the hundreds digit of 1011162?
1
What is the millions digit of 4332147?
4
What is the ten thousands digit of 746363?
4
What is the millions digit of 1111210?
1
What is the hundreds digit of 172310?
3
What is the ten thousands digit of 368206?
6
What is the hundreds digit of 336043?
0
What is the hundreds digit of 1036114?
1
What is the tens digit of 878805?
0
What is the ten thousands digit of 293657?
9
What is the millions digit of 10562355?
0
What is the hundred thousands digit of 165996?
1
What is the ten millions digit of 23890612?
2
What is the hundred thousands digit of 103371?
1
What is the ten thousands digit of 3860231?
6
What is the hundreds digit of 7829681?
6
What is the thousands digit of 226277?
6
What is the hundreds digit of 10495111?
1
What is the ten thousands digit of 737505?
3
What is the hundreds digit of 189159?
1
What is the hundred thousands digit of 10348206?
3
What is the hundred thousands digit of 604522?
6
What is the hundred thousands digit of 147577?
1
What is the thousands digit of 400028?
0
What is the tens digit of 3261340?
4
What is the hundred thousands digit of 173447?
1
What is the units digit of 250873?
3
What is the ten thousands digit of 4262349?
6
What is the thousands digit of 18610?
8
What is the hundreds digit of 124801?
8
What is the tens digit of 8274911?
1
What is the ten thousands digit of 2183045?
8
What is the hundred thousands digit of 1559699?
5
What is the hundreds digit of 1478710?
7
What is the millions digit of 3385883?
3
What is the ten millions digit of 24477390?
2
What is the hundreds digit of 7969367?
3
What is the tens digit of 4513499?
9
What is the units digit of 4841216?
6
What is the tens digit of 1090865?
6
What is the hundred thousands digit of 8184153?
1
What is the ten thousands digit of 3323875?
2
What is the thousands digit of 1398616?
8
What is the thousands digit of 494283?
4
What is the millions digit of 6330104?
6
What is the ten thousands digit of 5459735?
5
What is the hundred thousands digit of 134994?
1
What is the ten thousands digit of 6140974?
4
What is the hundreds digit of 56930?
9
What is the tens digit of 4680878?
7
What is the tens digit of 724041?
4
What is the thousands digit of 633122?
3
What is the hundred thousands digit of 9216629?
2
What is the hundred thousands digit of 1094489?
0
What is the tens digit of 21860520?
2
What is the tens digit of 167873?
7
What is the thousands digit of 1483411?
3
What is the hundred thousands digit of 438079?
4
What is the units digit of 9060317?
7
What is the thousands digit of 399899?
9
What is the millions digit of 1231278?
1
What is the hundred thousands digit of 200849?
2
What is the ten thousands digit of 2398795?
9
What is the tens digit of 12992577?
7
What is the units digit of 2686004?
4
What is the thousands digit of 655056?
5
What is the thousands digit of 443069?
3
What is the hundred thousands digit of 133338?
1
What is the ten millions digit of 27946986?
2
What is the hundred thousands digit of 348808?
3
What is the tens digit of 3553761?
6
What is the tens digit of 1057254?
5
What is the hundred thousands digit of 482194?
4
What is the thousands digit of 2350739?
0
What is the units digit of 895398?
8
What is the hundred thousands digit of 32329589?
3
What is the ten thousands digit of 1234983?
3
What is the units digit of 729705?
5
What is the units digit of 32817?
7
What is the hundred thousands digit of 159003?
1
What is the tens digit of 895885?
8
What is the millions digit of 2079940?
2
What is the ten millions digit of 19416496?
1
What is the thousands digit of 106890?
6
What is the ten thousands digit of 7283147?
8
What is the hundred thousands digit of 139554?
1
What is the ten thousands digit of 2477987?
7
What is the units digit of 778912?
2
What is the hundred thousands digit of 192524?
1
What is the hundreds digit of 38346?
3
What is the thousands digit of 492457?
2
What is the hundred thousands digit of 609153?
6
What is the millions digit of 3445105?
3
What is the hundreds digit of 435732?
7
What is the hundred thousands digit of 133708?
1
What is the hundreds digit of 1785204?
2
What is the hundreds digit of 10921410?
4
What is the hundred thousands digit of 13381637?
3
What is the thousands digit of 12774878?
4
What is the units digit of 2346147?
7
What is the hundreds digit of 547532?
5
What is the hundred thousands digit of 123992?
1
What is the ten millions digit of 10179339?
1
What is the hundred thousands digit of 3028292?
0
What is the hundred thousands digit of 1590246?
5
What is the millions digit of 2555077?
2
What is the millions digit of 1134299?
1
What is the hundreds digit of 424652?
6
What is the tens digit of 134752?
5
What is the hundred thousands digit of 441648?
4
What is the units digit of 7010931?
1
What is the ten thousands digit of 3847091?
4
What is the tens digit of 80621?
2
What is the ten thousands digit of 967190?
6
What is the thousands digit of 2423171?
3
What is the hundred thousands digit of 16771685?
7
What is the units digit of 1667401?
1
What is the tens digit of 3330687?
8
What is the thousands digit of 3083186?
3
What is the thousands digit of 5904884?
4
What is the millions digit of 7731676?
7
What is the hundreds digit of 1116666?
6
What is the hundreds digit of 469049?
0
What is the tens digit of 160241?
4
What is the ten millions digit of 21871529?
2
What is the hundred thousands digit of 147140?
1
What is the units digit of 1999618?
8
What is the tens digit of 4626455?
5
What is the millions digit of 4416691?
4
What is the units digit of 46760?
0
What is the ten thousands digit of 20516303?
1
What is the hundreds digit of 434141?
1
What is the thousands digit of 4985682?
5
What is the millions digit of